 base 14, what is -104ad + b?
-104a2
In base 12, what is -3 - 2b266?
-2b269
In base 16, what is -7 - 2db0d?
-2db14
In base 5, what is -100 - -11413402?
11413302
In base 8, what is 2444 + 73?
2537
In base 4, what is -103010101 + -11?
-103010112
In base 4, what is 233313 + 233?
300212
In base 6, what is 13 + -21042335?
-21042322
In base 9, what is -16324463 - 1?
-16324464
In base 6, what is 112500 - -20?
112520
In base 16, what is -56 + 97?
41
In base 8, what is -23754 + 157?
-23575
In base 15, what is -253 - 3e?
-292
In base 4, what is -10131 + -202211?
-213002
In base 15, what is b3 - 8a?
28
In base 16, what is -1d + -45541?
-4555e
In base 11, what is 0 + 14a89?
14a89
In base 6, what is -522 + 1213?
251
In base 11, what is -a6 + -5937?
-5a32
In base 8, what is -256 + -62?
-340
In base 16, what is -2 + 2101?
20ff
In base 14, what is -192 - 12b?
-2bd
In base 9, what is -1600187 + -3?
-1600201
In base 12, what is 25ba3 + 11?
25bb4
In base 15, what is -2 + 11e67?
11e65
In base 11, what is 3229 + 6?
3234
In base 3, what is -100011 - 111000?
-211011
In base 4, what is -22202311 - 31?
-22203002
In base 9, what is -156 - 1445?
-1612
In base 9, what is 2 - -18687?
18700
In base 2, what is 110110011001101 + -101111?
110110010011110
In base 6, what is -1035 + 32424?
31345
In base 3, what is -10 - 112201200?
-112201210
In base 9, what is 0 - 77025?
-77025
In base 5, what is 2 - 113003?
-113001
In base 16, what is -48d + 449?
-44
In base 9, what is -13715 - 5?
-13721
In base 11, what is -1aa + -49?
-248
In base 12, what is 37 + -273?
-238
In base 6, what is 4 - -150101?
150105
In base 14, what is 8914 - -3?
8917
In base 7, what is 36265 + 423?
40021
In base 6, what is 34 - -401453?
401531
In base 14, what is 95 - 84?
11
In base 7, what is -3 - -1344320?
1344314
In base 14, what is 2 - 181d6?
-181d4
In base 3, what is -1122110101 - -20?
-1122110011
In base 7, what is 4 + 13624435?
13624442
In base 8, what is -4 - -75706?
75702
In base 5, what is 124000101 - 11?
124000040
In base 12, what is 2 - -ba5?
ba7
In base 6, what is -504 - 34143?
-35051
In base 13, what is 2224a + -1b?
2222c
In base 12, what is -1851 - 4?
-1855
In base 8, what is 1147 + 1?
1150
In base 10, what is 195 - -13?
208
In base 13, what is 550 + -98?
485
In base 3, what is -12 - 21100020?
-21100102
In base 8, what is -401 + 34452?
34051
In base 15, what is 12c03 - 3?
12c00
In base 14, what is b - -239?
246
In base 10, what is 0 + -111749?
-111749
In base 12, what is 4 - -6931?
6935
In base 11, what is a + -982a0?
-98291
In base 5, what is -2432324 - -32?
-2432242
In base 7, what is 1523 - -131?
1654
In base 3, what is 1111120010 + -20?
1111112220
In base 10, what is 0 - -73170?
73170
In base 13, what is -13999 + 1?
-13998
In base 7, what is 12 + -52366?
-52354
In base 13, what is -bcca + 5?
-bcc5
In base 11, what is -9 - -71312?
71304
In base 2, what is 11100101011 + 1001?
11100110100
In base 3, what is 1 + 22002221121?
22002221122
In base 10, what is -1 + 76821?
76820
In base 4, what is -2 + 113313?
113311
In base 15, what is -cc + -dc?
-1b9
In base 8, what is -37 + -1071?
-1130
In base 2, what is -1101100100101011000 + 100?
-1101100100101010100
In base 4, what is 313233 + 1200?
321033
In base 11, what is -1 + -26531?
-26532
In base 16, what is 50 - 2d?
23
In base 11, what is 303 + 1110?
1413
In base 7, what is 26024 + 36?
26063
In base 7, what is 4 - -6044022?
6044026
In base 13, what is 1 - -13b785?
13b786
In base 15, what is -589 - 1c0?
-759
In base 3, what is -1121 + 122210?
121012
In base 11, what is 1208936 + 3?
1208939
In base 4, what is 212231110 + 11?
212231121
In base 11, what is 28815 - 11?
28804
In base 2, what is 0 - 10001101011111000?
-10001101011111000
In base 9, what is -1 - 7137?
-7138
In base 7, what is 3513 + -5255?
-1442
In base 9, what is 1241 + 1652?
3003
In base 10, what is 1547 + 21?
1568
In base 4, what is 12 + 120213103?
120213121
In base 15, what is -b3d + -424?
-1062
In base 7, what is -1616 - -2055?
136
In base 2, what is 10 - 1100110101111?
-1100110101101
In base 9, what is 4 + -146260?
-146255
In base 8, what is -1171 - 256?
-1447
In base 11, what is 26 - 69?
-43
In base 7, what is 25403644 + -1?
25403643
In base 4, what is -112 + -101121?
-101233
In base 11, what is 7a8 - -911?
1609
In base 15, what is 13 - 34b?
-338
In base 7, what is 320025 - -4?
320032
In base 10, what is 3032 + 259?
3291
In base 12, what is -3 + 38a547?
38a544
In base 9, what is 3 - 177?
-174
In base 9, what is 8006 - 4?
8002
In base 6, what is -13215 - -210?
-13005
In base 12, what is 5 - 5062?
-5059
In base 9, what is -3 - -11737?
11734
In base 7, what is -4 - 141545?
-141552
In base 3, what is 1200011120 - 10?
1200011110
In base 9, what is 116033 - 1?
116032
In base 11, what is 1 - -31583?
31584
In base 16, what is 12a79 + 2?
12a7b
In base 4, what is 2 + 22221221?
22221223
In base 6, what is -34 + 134053?
134015
In base 13, what is 202 - 6b?
164
In base 4, what is 2 - 13112?
-13110
In base 5, what is 33 - -104424?
110012
In base 16, what is -4 + 3f65f?
3f65b
In base 4, what is -130011122 - -3?
-130011113
In base 14, what is 2aa + -18?
292
In base 14, what is -23a + 36?
-204
In base 4, what is 103 - 1223313?
-1223210
In base 15, what is 47870 - -6?
47876
In base 4, what is -2031010 + 2212?
-2022132
In base 9, what is 5 + 1143186?
1143202
In base 5, what is -42024 + 202?
-41322
In base 3, what is -101201211102 - -200?
-101201210202
In base 8, what is -30 - 46752?
-47002
In base 13, what is 0 - 8c3a?
-8c3a
In base 7, what is -5 - 201342?
-201350
In base 4, what is 11 - 30300232?
-30300221
In base 8, what is 326706 + -24?
326662
In base 13, what is 4 - -380367?
38036b
In base 15, what is 1 + -71bbd?
-71bbc
In base 6, what is -11311 + -1215?
-12530
In base 2, what is 10010111100100011001 + 101?
10010111100100011110
In base 10, what is 31323 - -7?
31330
In base 8, what is 502 + 74?
576
In base 5, what is -13400 + 304?
-13041
In base 4, what is -1 + -22133223?
-22133230
In base 6, what is 21 + 12515?
12540
In base 3, what is -11 + -1002000222?
-1002001010
In base 13, what is 18 - -59c4?
5a0c
In base 6, what is 543 + 2525?
3512
In base 5, what is 2 + 3443044?
3443101
In base 13, what is 0 - cb24?
-cb24
In base 12, what is 23999 + 6?
239a3
In base 3, what is -222111100 - 1102?
-222112202
In base 10, what is 250603 + -11?
250592
In base 4, what is 212 - 131031?
-130213
In base 5, what is 114430013 + 0?
114430013
In base 6, what is -2054 + -2544?
-5042
In base 9, what is -1 + -58800?
-58801
In base 4, what is -21 - -1032121?
1032100
In base 5, what is 3 - 10022442?
-10022434
In base 9, what is 520 + 276?
806
In base 13, what is -11 + 60c?
5cb
In base 16, what is -2 - -3d951?
3d94f
In base 8, what is 103 + -1475?
-1372
In base 8, what is 1445 - -365?
2032
In base 9, what is 3 - -40777?
40781
In base 8, what is 26 + -3325?
-3277
In base 13, what is 4181 - -10?
4191
In base 13, what is -6 - 53265?
-5326b
In base 3, what is 0 - 20012220?
-20012220
In base 8, what is 3 + 51643?
51646
In base 11, what is -159 - -83?
-86
In base 11, what is 2055a + 2?
20561
In base 15, what is -32 + -267e?
-26b1
In base 2, what is 1010101001111110 + -1?
1010101001111101
In base 15, what is -18305 - 11?
-18316
In base 3, what is 220200 + -21021?
122102
In base 10, what is 0 + 822535?
822535
In base 12, what is -174 - -56?
-11a
In base 10, what is -37688 - -1?
-37687
In base 16, what is -2b9ce + -8?
-2b9d6
In base 7, what is -32643 + -6?
-32652
In base 6, what is 31041 - 0?
31041
In base 4, what is 2121023 + -2022?
2113001
In base 10, what is -55 - -47?
-8
In base 13, what is 70192 + 0?
70192
In base 3, what is -112200 - 21012100?
-21202000
In base 12, what is 4a1b + 34?
4a53
In base 8, what is -7 + -50766?
-50775
In base 14, what is 142a3 + -5?
1429c
In base 11, what is -2 - 2054?
-2056
In base 15, what is 272c - 2?
272a
In base 4, what is 13221231 - -3?
13221300
In base 16, what is 10 - -4d21?
4d31
In base 5, what is 20400 - -1?
20401
In base 7, what is 6503 + 1164?
11000
In base 3, what is -1022210011 + 102?
-1022202202
In base 12, what is -231b7 + 5?
-231b2
In base 11, what is -713115 + -3?
-713118
In base 9, what is -1757 + -44?
-1812
In base 4, what is 10003013 - 1?
10003012
In base 2, what is -1000111 - -10100